prime factors of 7724902.
2, 17, 127, 1789
List the prime factors of 18846567.
3, 698021
List the prime factors of 2433012.
2, 3, 202751
List the prime factors of 149924.
2, 37, 1013
List the prime factors of 83681.
13, 41, 157
What are the prime factors of 184212?
2, 3, 7, 17, 43
List the prime factors of 7253837.
7253837
List the prime factors of 3857361.
3, 19, 31, 37, 59
List the prime factors of 5588266.
2, 1361, 2053
What are the prime factors of 561246?
2, 3, 7, 23, 83
What are the prime factors of 249921?
3, 7, 3967
What are the prime factors of 6822655?
5, 7, 194933
What are the prime factors of 512780?
2, 5, 25639
What are the prime factors of 1807693?
1807693
List the prime factors of 15097.
31, 487
List the prime factors of 5565656.
2, 311, 2237
What are the prime factors of 10664277?
3, 13, 97, 2819
List the prime factors of 181374.
2, 3, 19, 37, 43
What are the prime factors of 11038671?
3, 7, 25031
What are the prime factors of 776453?
776453
List the prime factors of 225892.
2, 56473
What are the prime factors of 699491?
13, 4139
What are the prime factors of 661649?
71, 9319
List the prime factors of 1101343.
137, 8039
What are the prime factors of 150880?
2, 5, 23, 41
List the prime factors of 778991.
17, 45823
What are the prime factors of 343039?
83, 4133
What are the prime factors of 3452208?
2, 3, 23, 53, 59
List the prime factors of 130497.
3, 43499
What are the prime factors of 750521?
750521
What are the prime factors of 119252?
2, 7, 4259
What are the prime factors of 221962?
2, 13, 8537
What are the prime factors of 1253644?
2, 7, 44773
What are the prime factors of 1904663?
17, 181, 619
List the prime factors of 7498560.
2, 3, 5, 73, 107
List the prime factors of 143766.
2, 3, 7, 163
List the prime factors of 478914.
2, 3, 19, 4201
What are the prime factors of 244562?
2, 17, 7193
List the prime factors of 125399.
125399
What are the prime factors of 2266602?
2, 3, 13, 29059
List the prime factors of 163549.
41, 3989
What are the prime factors of 139383?
3, 17, 911
List the prime factors of 127438.
2, 63719
What are the prime factors of 134755?
5, 26951
List the prime factors of 434525.
5, 7, 13, 191
What are the prime factors of 1479122?
2, 317, 2333
What are the prime factors of 2509073?
7, 53, 6763
What are the prime factors of 381133?
23, 73, 227
List the prime factors of 14336131.
37, 387463
What are the prime factors of 500510?
2, 5, 50051
List the prime factors of 418988.
2, 19, 37, 149
What are the prime factors of 1647888?
2, 3, 11, 3121
What are the prime factors of 2732092?
2, 11, 31, 2003
List the prime factors of 35863234.
2, 11, 17, 95891
List the prime factors of 18988348.
2, 181, 26227
List the prime factors of 3956757.
3, 7, 188417
What are the prime factors of 6645606?
2, 3, 11, 17, 5923
List the prime factors of 986458.
2, 11, 44839
What are the prime factors of 1246751?
11, 113341
What are the prime factors of 63581?
7, 31, 293
List the prime factors of 3010108.
2, 752527
List the prime factors of 840207.
3, 280069
List the prime factors of 2915111.
2915111
What are the prime factors of 1258566?
2, 3, 47, 4463
What are the prime factors of 8759216?
2, 17, 32203
What are the prime factors of 335670?
2, 3, 5, 67, 167
List the prime factors of 1125376.
2, 7, 157
List the prime factors of 50011.
13, 3847
List the prime factors of 23506.
2, 7, 23, 73
List the prime factors of 640481.
23, 27847
What are the prime factors of 2272414?
2, 307, 3701
What are the prime factors of 9087098?
2, 4543549
List the prime factors of 4470294.
2, 3, 79, 9431
List the prime factors of 16814308.
2, 7, 463, 1297
What are the prime factors of 957300?
2, 3, 5, 3191
What are the prime factors of 1475244?
2, 3, 43, 953
What are the prime factors of 1820322?
2, 3, 7, 14447
What are the prime factors of 76797?
3, 7, 23, 53
List the prime factors of 719213.
11, 151, 433
List the prime factors of 1563301.
19, 82279
What are the prime factors of 23517610?
2, 5, 2351761
List the prime factors of 1612022.
2, 806011
What are the prime factors of 69404?
2, 17351
List the prime factors of 2336509.
7, 333787
List the prime factors of 745158.
2, 3, 124193
What are the prime factors of 29759845?
5, 31, 191999
List the prime factors of 7962282.
2, 3, 41, 10789
What are the prime factors of 11430147?
3, 29, 131381
List the prime factors of 28040368.
2, 31, 56533
What are the prime factors of 65839?
65839
What are the prime factors of 13456126?
2, 83, 103, 787
What are the prime factors of 398539?
398539
What are the prime factors of 63244?
2, 97, 163
List the prime factors of 853152.
2, 3, 8887
List the prime factors of 2432085.
3, 5, 29, 5591
List the prime factors of 518401.
13, 39877
What are the prime factors of 260698?
2, 130349
List the prime factors of 1857082.
2, 257, 3613
What are the prime factors of 411357?
3, 137119
List the prime factors of 16455600.
2, 3, 5, 7, 653
What are the prime factors of 561471?
3, 211, 887
What are the prime factors of 1482132?
2, 3, 29, 4259
What are the prime factors of 3158591?
3158591
List the prime factors of 481377.
3, 13, 12343
List the prime factors of 358826.
2, 13, 37, 373
List the prime factors of 13360674.
2, 3, 17, 130987
List the prime factors of 4914.
2, 3, 7, 13
What are the prime factors of 103873?
7, 11, 19, 71
List the prime factors of 127826.
2, 63913
What are the prime factors of 784839?
3, 11, 17, 1399
What are the prime factors of 8590223?
19, 59, 79, 97
List the prime factors of 6970692.
2, 3, 580891
List the prime factors of 423267.
3, 13, 10853
List the prime factors of 642505.
5, 23, 37, 151
List the prime factors of 138566.
2, 79, 877
List the prime factors of 844836.
2, 3, 23, 3061
What are the prime factors of 189659?
89, 2131
List the prime factors of 698409.
3, 25867
What are the prime factors of 3950022?
2, 3, 41, 16057
What are the prime factors of 1061426?
2, 530713
List the prime factors of 19000329.
3, 67, 94529
What are the prime factors of 505774?
2, 252887
What are the prime factors of 5243923?
5243923
List the prime factors of 30504.
2, 3, 31, 41
What are the prime factors of 7909454?
2, 7, 17, 167, 199
What are the prime factors of 7599813?
3, 13, 194867
What are the prime factors of 8909993?
19, 23, 20389
What are the prime factors of 23921600?
2, 5, 14951
What are the prime factors of 2205205?
5, 441041
List the prime factors of 200891.
200891
List the prime factors of 9906512.
2, 7, 11, 17, 43
List the prime factors of 1932529.
23, 73, 1151
What are the prime factors of 1464761?
29, 53, 953
What are the prime factors of 239345?
5, 47869
List the prime factors of 45778.
2, 47, 487
List the prime factors of 4278251.
1213, 3527
What are the prime factors of 6355459?
11, 113, 5113
What are the prime factors of 7999961?
41, 195121
List the prime factors of 63908.
2, 13, 1229
What are the prime factors of 99806?
2, 7, 7129
What are the prime factors of 296522?
2, 173, 857
What are the prime factors of 140506?
2, 163, 431
What are the prime factors of 24901363?
59, 422057
What are the prime factors of 40926?
2, 3, 19, 359
List the prime factors of 15516869.
17, 613, 1489
What are the prime factors of 4212201?
3, 7, 79, 2539
List the prime factors of 10756385.
5, 83, 25919
What are the prime factors of 713766?
2, 3, 337, 353
What are the prime factors of 570277?
487, 1171
What are the prime factors of 998190?
2, 3, 5, 3697
List the prime factors of 190090.
2, 5, 19009
List the prime factors of 1982001.
3, 7, 97, 139
List the prime factors of 129342.
2, 3, 21557
What are the prime factors of 724753?
23, 31511
What are the prime factors of 1268899?
1268899
What are the prime factors of 7642?
2, 3821
What are the prime factors of 130149?
3, 14461
List the prime factors of 9830.
2, 5, 983
What are the prime factors of 2577233?
83, 31051
List the prime factors of 19486398.
2, 3, 41, 113, 701
What are the prime factors of 832802?
2, 416401
What are the prime factors of 216598?
2, 37, 2927
List the prime factors of 133581.
3, 7, 6361
List the prime factors of 76178.
2, 41, 929
List the prime factors of 235418.
2, 117709
List the prime factors of 1929460.
2, 5, 13, 41, 181
What are the prime factors of 5126856?
2, 3, 7, 30517
List the prime factors of 4952945.
5, 990